{"id":7,"date":"2016-04-11T18:11:51","date_gmt":"2016-04-11T17:11:51","guid":{"rendered":"http:\/\/paroisse-notredame-sannedolon.fr\/?page_id=7"},"modified":"2026-05-03T07:47:00","modified_gmt":"2026-05-03T06:47:00","slug":"accueil","status":"publish","type":"page","link":"https:\/\/paroisse-notredame-sannedolon.fr\/","title":{"rendered":"Accueil"},"content":{"rendered":"\n<div class=\"wp-block-jetpack-tiled-gallery aligncenter is-style-rectangular\"><div class=\"\"><div class=\"tiled-gallery__gallery\"><div class=\"tiled-gallery__row\"><div class=\"tiled-gallery__col\" style=\"flex-basis:100.00000%\"><figure class=\"tiled-gallery__item\"><img decoding=\"async\" data-attachment-id=\"11600\" data-permalink=\"https:\/\/paroisse-notredame-sannedolon.fr\/index.php\/accueil\/dimanche-26-avril\/\" data-orig-file=\"https:\/\/paroisse-notredame-sannedolon.fr\/mypress\/wp-content\/uploads\/2026\/04\/dimanche-26-avril-.jpeg\" data-orig-size=\"800,281\" data-comments-opened=\"1\" data-image-meta=\"{&quot;aperture&quot;:&quot;3.5&quot;,&quot;credit&quot;:&quot;&quot;,&quot;camera&quot;:&quot;DSC-HX400V&quot;,&quot;caption&quot;:&quot;&quot;,&quot;created_timestamp&quot;:&quot;1725183663&quot;,&quot;copyright&quot;:&quot;&quot;,&quot;focal_length&quot;:&quot;12.22&quot;,&quot;iso&quot;:&quot;800&quot;,&quot;shutter_speed&quot;:&quot;0.033333333333333&quot;,&quot;title&quot;:&quot;&quot;,&quot;orientation&quot;:&quot;1&quot;}\" data-image-title=\"dimanche 26 avril\" data-image-description=\"\" data-image-caption=\"\" data-large-file=\"https:\/\/paroisse-notredame-sannedolon.fr\/mypress\/wp-content\/uploads\/2026\/04\/dimanche-26-avril-.jpeg\" data-attachment-id=\"11600\" data-permalink=\"https:\/\/paroisse-notredame-sannedolon.fr\/index.php\/accueil\/dimanche-26-avril\/\" data-orig-file=\"https:\/\/paroisse-notredame-sannedolon.fr\/mypress\/wp-content\/uploads\/2026\/04\/dimanche-26-avril-.jpeg\" data-orig-size=\"800,281\" data-comments-opened=\"1\" data-image-meta=\"{&quot;aperture&quot;:&quot;3.5&quot;,&quot;credit&quot;:&quot;&quot;,&quot;camera&quot;:&quot;DSC-HX400V&quot;,&quot;caption&quot;:&quot;&quot;,&quot;created_timestamp&quot;:&quot;1725183663&quot;,&quot;copyright&quot;:&quot;&quot;,&quot;focal_length&quot;:&quot;12.22&quot;,&quot;iso&quot;:&quot;800&quot;,&quot;shutter_speed&quot;:&quot;0.033333333333333&quot;,&quot;title&quot;:&quot;&quot;,&quot;orientation&quot;:&quot;1&quot;}\" data-image-title=\"dimanche 26 avril\" data-image-description=\"\" data-image-caption=\"\" data-large-file=\"https:\/\/paroisse-notredame-sannedolon.fr\/mypress\/wp-content\/uploads\/2026\/04\/dimanche-26-avril-.jpeg\" role=\"button\" tabindex=\"0\" aria-label=\"Ouvrir l\u2019image 1 sur 1 en plein \u00e9cran\"srcset=\"https:\/\/i0.wp.com\/paroisse-notredame-sannedolon.fr\/mypress\/wp-content\/uploads\/2026\/04\/dimanche-26-avril-.jpeg?strip=info&#038;w=600&#038;ssl=1 600w,https:\/\/i0.wp.com\/paroisse-notredame-sannedolon.fr\/mypress\/wp-content\/uploads\/2026\/04\/dimanche-26-avril-.jpeg?strip=info&#038;w=800&#038;ssl=1 800w\" alt=\"\" data-height=\"281\" data-id=\"11600\" data-link=\"https:\/\/paroisse-notredame-sannedolon.fr\/index.php\/accueil\/dimanche-26-avril\/\" data-url=\"https:\/\/paroisse-notredame-sannedolon.fr\/mypress\/wp-content\/uploads\/2026\/04\/dimanche-26-avril-.jpeg\" data-width=\"800\" src=\"https:\/\/i0.wp.com\/paroisse-notredame-sannedolon.fr\/mypress\/wp-content\/uploads\/2026\/04\/dimanche-26-avril-.jpeg?ssl=1\" data-amp-layout=\"responsive\"\/><\/figure><\/div><\/div><\/div><\/div><\/div>\n\n\n\n<p class=\"has-medium-font-size\"><\/p>\n\n\n\n<div class=\"wp-block-media-text has-media-on-the-right is-stacked-on-mobile\" style=\"grid-template-columns:auto 23%\"><div class=\"wp-block-media-text__content\">\n<p class=\"has-medium-font-size\">Le blanc ou dor\u00e9 : dit les jours de f\u00eate. C&rsquo;est la couleur liturgique des ornements utilis\u00e9s au temps de No\u00ebl, au<br>temps pascal, et \u00e0 toutes les f\u00eates et solennit\u00e9s (Toussaint\u2026). Le blanc \u00e9voque la puret\u00e9, mais plus encore la Gloire<br>divine et l\u2019\u00e9clat de tout ce qui touche \u00e0 Dieu. C\u2019est la couleur de la r\u00e9surrection, de la Transfiguration, de la Lumi\u00e8re.<\/p>\n\n\n\n<p><\/p>\n<\/div><figure class=\"wp-block-media-text__media\"><img fetchpriority=\"high\" decoding=\"async\" width=\"583\" height=\"1024\" data-attachment-id=\"11581\" data-permalink=\"https:\/\/paroisse-notredame-sannedolon.fr\/dsc05700\/\" data-orig-file=\"https:\/\/paroisse-notredame-sannedolon.fr\/mypress\/wp-content\/uploads\/2026\/04\/DSC05700-scaled-e1776598179319.jpg\" data-orig-size=\"683,1200\" data-comments-opened=\"1\" data-image-meta=\"{&quot;aperture&quot;:&quot;3.2&quot;,&quot;credit&quot;:&quot;&quot;,&quot;camera&quot;:&quot;DSC-HX400V&quot;,&quot;caption&quot;:&quot;&quot;,&quot;created_timestamp&quot;:&quot;1775986257&quot;,&quot;copyright&quot;:&quot;&quot;,&quot;focal_length&quot;:&quot;6.59&quot;,&quot;iso&quot;:&quot;3200&quot;,&quot;shutter_speed&quot;:&quot;0.008&quot;,&quot;title&quot;:&quot;&quot;,&quot;orientation&quot;:&quot;1&quot;}\" data-image-title=\"Ambon\" data-image-description=\"\" data-image-caption=\"&lt;p&gt;Temps liturgique blanc&lt;\/p&gt;\n\" data-large-file=\"https:\/\/paroisse-notredame-sannedolon.fr\/mypress\/wp-content\/uploads\/2026\/04\/DSC05700-scaled-e1776598162467-583x1024.jpg\" src=\"https:\/\/paroisse-notredame-sannedolon.fr\/mypress\/wp-content\/uploads\/2026\/04\/DSC05700-scaled-e1776598162467-583x1024.jpg\" alt=\"\" class=\"wp-image-11581 size-full\"\/><\/figure><\/div>\n\n\n\n<ul class=\"wp-block-list\">\n<li><strong>ANJOU :<\/strong> Messe <strong>tous les dimanches \u00e0 10h<\/strong>45 \u00e0 l&rsquo;\u00e9glise. <strong>Exception<\/strong> des f\u00eates de semaine <strong>(Semaine Sainte, Ascension, Assomption)<\/strong> <strong>et St Lazare<\/strong> (2\u00e8me dimanche de septembre).<\/li>\n\n\n\n<li><strong>CARMEL DE SURIEU<\/strong> : en <strong>semaine<\/strong> messe<strong> \u00e0 11h30,<\/strong> les<strong> dimanches \u00e0 18h00.<br><\/strong><\/li>\n<\/ul>\n\n\n\n<h2 class=\"wp-block-heading\">Cette Semaine :<\/h2>\n\n\n\n<p class=\"has-medium-font-size\"><br><strong>Samedi 2 Mai <\/strong>: <strong>Messe \u00e0 18h00 \u00e0 Notre Dame des Cit\u00e9s et <\/strong>les Roches de Condrieu<strong>.<\/strong><br><strong>Dimanche 3 Mai : Messe \u00e0 9h00 \u00e0 St Clair du Rh\u00f4ne.<\/strong><br><strong>Dimanche 3 Mai : Messe<strong> <\/strong>\u00e0 10h45<\/strong> \u00e0 P\u00e9age de Roussillon et <strong>ANJOU<\/strong>.<br><strong>Dimanche 3 Mai<\/strong> : Entr\u00e9e en \u00c9glise de 14 nouveaux cat\u00e9chum\u00e8nes.<br><strong>Mardi 5 Mai<\/strong> : <strong>R\u00e9union du M.C.R,<\/strong> \u00e0 14h15 \u00e0 la salle Notre Dame.<br><strong>Mercredi 6 Mai :<\/strong> <strong>Messe \u00e0 9h00 \u00e0 ANJOU<\/strong>, \u00e9coute et confession.<br><strong>Mercredi 6 Mai :<\/strong> <strong>Cat\u00e9ch\u00e8se des enfants de primaire<\/strong> \u00e0 10h00.<br><strong>Samedi 9 Mai<\/strong> :  <strong>Bapt\u00eames<\/strong> \u00e0 10h \u00e0 <strong>Chambalud <\/strong>de Harry OCA et de Liana et Manech PACCHIODO.<br><strong>Samedi 9 Mai :<\/strong> <strong>Fun\u00e9railles de<\/strong> Monsieur Ren\u00e9 REY \u00e0 14h30 \u00e0 Boug\u00e9.<br><strong>Dimanche 10 Mai :  Messe \u00e0 9h00  \u00e0 Saint Clair du Rh\u00f4ne<\/strong>.<br><strong>Dimanche 10 Mai : Messe<strong> <\/strong>\u00e0 10h45<\/strong> \u00e0 <strong>ANJOU<\/strong>.<br><\/p>\n\n\n\n<h3 class=\"wp-block-heading\" style=\"font-size:23px\"><strong>\u00c9v\u00e9nements<\/strong> importants \u00e0 venir <\/h3>\n\n\n\n<p><\/p>\n\n\n\n<div class=\"wp-block-media-text is-stacked-on-mobile\" style=\"grid-template-columns:40% auto\"><figure class=\"wp-block-media-text__media\"><img decoding=\"async\" width=\"350\" height=\"304\" data-attachment-id=\"11341\" data-permalink=\"https:\/\/paroisse-notredame-sannedolon.fr\/index.php\/accueil\/20231129-paroisse-premierecommunion01b\/\" data-orig-file=\"https:\/\/paroisse-notredame-sannedolon.fr\/mypress\/wp-content\/uploads\/2026\/02\/20231129-Paroisse-PremiereCommunion01b.png\" data-orig-size=\"350,304\" data-comments-opened=\"1\" data-image-meta=\"{&quot;aperture&quot;:&quot;0&quot;,&quot;credit&quot;:&quot;&quot;,&quot;camera&quot;:&quot;&quot;,&quot;caption&quot;:&quot;&quot;,&quot;created_timestamp&quot;:&quot;0&quot;,&quot;copyright&quot;:&quot;&quot;,&quot;focal_length&quot;:&quot;0&quot;,&quot;iso&quot;:&quot;0&quot;,&quot;shutter_speed&quot;:&quot;0&quot;,&quot;title&quot;:&quot;&quot;,&quot;orientation&quot;:&quot;0&quot;}\" data-image-title=\"20231129-Paroisse-PremiereCommunion01b\" data-image-description=\"\" data-image-caption=\"\" data-large-file=\"https:\/\/paroisse-notredame-sannedolon.fr\/mypress\/wp-content\/uploads\/2026\/02\/20231129-Paroisse-PremiereCommunion01b.png\" src=\"https:\/\/paroisse-notredame-sannedolon.fr\/mypress\/wp-content\/uploads\/2026\/02\/20231129-Paroisse-PremiereCommunion01b.png\" alt=\"\" class=\"wp-image-11341 size-full\" srcset=\"https:\/\/paroisse-notredame-sannedolon.fr\/mypress\/wp-content\/uploads\/2026\/02\/20231129-Paroisse-PremiereCommunion01b.png 350w, https:\/\/paroisse-notredame-sannedolon.fr\/mypress\/wp-content\/uploads\/2026\/02\/20231129-Paroisse-PremiereCommunion01b-300x261.png 300w, https:\/\/paroisse-notredame-sannedolon.fr\/mypress\/wp-content\/uploads\/2026\/02\/20231129-Paroisse-PremiereCommunion01b-150x130.png 150w, https:\/\/paroisse-notredame-sannedolon.fr\/mypress\/wp-content\/uploads\/2026\/02\/20231129-Paroisse-PremiereCommunion01b-173x150.png 173w\" sizes=\"(max-width: 350px) 100vw, 350px\" \/><\/figure><div class=\"wp-block-media-text__content\">\n<p class=\"has-medium-font-size\"><strong>Dimanche 21 juin : Premi\u00e8re communion \u00e0 10h45 \u00e0 Anjou .<\/strong><br>Le 20 juin les futurs communiants suivront une retraite au Carmel de Surieu de 9 h30 \u00e0 16h30.<\/p>\n<\/div><\/div>\n\n\n\n<h3 class=\"wp-block-heading\">Contacter la Paroisse Notre Dame des Sources en Sanne-Dolon :&nbsp;<\/h3>\n\n\n\n<p><strong>Maison paroissiale d\u2019Anjou<\/strong><br>17 route du Dauphin\u00e9 , <strong>04 74 84 06 54<br><\/strong>Mail : notredamedessources(arobase)orange.fr<strong><br>Permanences : le mercredi (de 9h \u00e0 11h) et le samedi (de 10h \u00e0 11h30)<\/strong><\/p>\n\n\n\n<h3 class=\"wp-block-heading\">Sites Amis\/Liens Utiles<\/h3>\n\n\n\n<p class=\"has-black-color has-text-color has-link-color wp-elements-7f9fc4166ad99c67dffb8cc063509628\"><strong><a href=\"https:\/\/www.pspepr.fr\/\" target=\"_blank\" rel=\"noreferrer noopener\">www.pspepr.fr<\/a><\/strong><br><strong><a href=\"https:\/\/www.diocese-grenoble-vienne.fr\/\" target=\"_blank\" rel=\"noreferrer noopener\">www.diocese-grenoble-vienne.fr<\/a><\/strong><br><strong><a href=\"https:\/\/www.carmel-nd-surieu.fr\/\" target=\"_blank\" rel=\"noreferrer noopener\">www.carmel-nd-surieu.fr<\/a><\/strong><\/p>\n\n\n\n<p><\/p>\n","protected":false},"excerpt":{"rendered":"<p>Le blanc ou dor\u00e9 : dit les jours de f\u00eate. C&rsquo;est la couleur liturgique des ornements utilis\u00e9s au temps de No\u00ebl, autemps pascal, et \u00e0 toutes les f\u00eates et solennit\u00e9s (Toussaint\u2026). Le blanc \u00e9voque la puret\u00e9, mais plus encore la Gloiredivine et l\u2019\u00e9clat de tout ce qui touche \u00e0 Dieu. \u2026 <a class=\"continue-reading-link\" href=\"https:\/\/paroisse-notredame-sannedolon.fr\/\">Lire la suite <span class=\"meta-nav\">&rarr; <\/span><\/a><\/p>\n","protected":false},"author":1,"featured_media":0,"parent":0,"menu_order":0,"comment_status":"closed","ping_status":"closed","template":"","meta":{"jetpack_post_was_ever_published":false,"footnotes":""},"class_list":["post-7","page","type-page","status-publish","hentry"],"jetpack_sharing_enabled":true,"jetpack_shortlink":"https:\/\/wp.me\/P7rrt2-7","_links":{"self":[{"href":"https:\/\/paroisse-notredame-sannedolon.fr\/index.php\/wp-json\/wp\/v2\/pages\/7","targetHints":{"allow":["GET"]}}],"collection":[{"href":"https:\/\/paroisse-notredame-sannedolon.fr\/index.php\/wp-json\/wp\/v2\/pages"}],"about":[{"href":"https:\/\/paroisse-notredame-sannedolon.fr\/index.php\/wp-json\/wp\/v2\/types\/page"}],"author":[{"embeddable":true,"href":"https:\/\/paroisse-notredame-sannedolon.fr\/index.php\/wp-json\/wp\/v2\/users\/1"}],"replies":[{"embeddable":true,"href":"https:\/\/paroisse-notredame-sannedolon.fr\/index.php\/wp-json\/wp\/v2\/comments?post=7"}],"version-history":[{"count":1285,"href":"https:\/\/paroisse-notredame-sannedolon.fr\/index.php\/wp-json\/wp\/v2\/pages\/7\/revisions"}],"predecessor-version":[{"id":11609,"href":"https:\/\/paroisse-notredame-sannedolon.fr\/index.php\/wp-json\/wp\/v2\/pages\/7\/revisions\/11609"}],"wp:attachment":[{"href":"https:\/\/paroisse-notredame-sannedolon.fr\/index.php\/wp-json\/wp\/v2\/media?parent=7"}],"curies":[{"name":"wp","href":"https:\/\/api.w.org\/{rel}","templated":true}]}}

<div class="wp-block-jetpack-tiled-gallery aligncenter is-style-rectangular"><div class=""><div class="tiled-gallery__gallery"><div class="tiled-gallery__row"><div class="tiled-gallery__col" style="flex-basis:100.00000%"><figure class="tiled-gallery__item"><img decoding="async" data-attachment-id="11600" data-permalink="https://paroisse-notredame-sannedolon.fr/index.php/accueil/dimanche-26-avril/" data-orig-file="https://paroisse-notredame-sannedolon.fr/mypress/wp-content/uploads/2026/04/dimanche-26-avril-.jpeg" data-orig-size="800,281" data-comments-opened="1" data-image-meta="{&quot;aperture&quot;:&quot;3.5&quot;,&quot;credit&quot;:&quot;&quot;,&quot;camera&quot;:&quot;DSC-HX400V&quot;,&quot;caption&quot;:&quot;&quot;,&quot;created_timestamp&quot;:&quot;1725183663&quot;,&quot;copyright&quot;:&quot;&quot;,&quot;focal_length&quot;:&quot;12.22&quot;,&quot;iso&quot;:&quot;800&quot;,&quot;shutter_speed&quot;:&quot;0.033333333333333&quot;,&quot;title&quot;:&quot;&quot;,&quot;orientation&quot;:&quot;1&quot;}" data-image-title="dimanche 26 avril" data-image-description="" data-image-caption="" data-large-file="https://paroisse-notredame-sannedolon.fr/mypress/wp-content/uploads/2026/04/dimanche-26-avril-.jpeg" data-attachment-id="11600" data-permalink="https://paroisse-notredame-sannedolon.fr/index.php/accueil/dimanche-26-avril/" data-orig-file="https://paroisse-notredame-sannedolon.fr/mypress/wp-content/uploads/2026/04/dimanche-26-avril-.jpeg" data-orig-size="800,281" data-comments-opened="1" data-image-meta="{&quot;aperture&quot;:&quot;3.5&quot;,&quot;credit&quot;:&quot;&quot;,&quot;camera&quot;:&quot;DSC-HX400V&quot;,&quot;caption&quot;:&quot;&quot;,&quot;created_timestamp&quot;:&quot;1725183663&quot;,&quot;copyright&quot;:&quot;&quot;,&quot;focal_length&quot;:&quot;12.22&quot;,&quot;iso&quot;:&quot;800&quot;,&quot;shutter_speed&quot;:&quot;0.033333333333333&quot;,&quot;title&quot;:&quot;&quot;,&quot;orientation&quot;:&quot;1&quot;}" data-image-title="dimanche 26 avril" data-image-description="" data-image-caption="" data-large-file="https://paroisse-notredame-sannedolon.fr/mypress/wp-content/uploads/2026/04/dimanche-26-avril-.jpeg" role="button" tabindex="0" aria-label="Ouvrir l’image 1 sur 1 en plein écran"srcset="https://i0.wp.com/paroisse-notredame-sannedolon.fr/mypress/wp-content/uploads/2026/04/dimanche-26-avril-.jpeg?strip=info&#038;w=600&#038;ssl=1 600w,https://i0.wp.com/paroisse-notredame-sannedolon.fr/mypress/wp-content/uploads/2026/04/dimanche-26-avril-.jpeg?strip=info&#038;w=800&#038;ssl=1 800w" alt="" data-height="281" data-id="11600" data-link="https://paroisse-notredame-sannedolon.fr/index.php/accueil/dimanche-26-avril/" data-url="https://paroisse-notredame-sannedolon.fr/mypress/wp-content/uploads/2026/04/dimanche-26-avril-.jpeg" data-width="800" src="https://i0.wp.com/paroisse-notredame-sannedolon.fr/mypress/wp-content/uploads/2026/04/dimanche-26-avril-.jpeg?ssl=1" data-amp-layout="responsive"/></figure></div></div></div></div></div>



<p class="has-medium-font-size"></p>



<div class="wp-block-media-text has-media-on-the-right is-stacked-on-mobile" style="grid-template-columns:auto 23%"><div class="wp-block-media-text__content">
<p class="has-medium-font-size">Le blanc ou doré : dit les jours de fête. C&rsquo;est la couleur liturgique des ornements utilisés au temps de Noël, au<br>temps pascal, et à toutes les fêtes et solennités (Toussaint…). Le blanc évoque la pureté, mais plus encore la Gloire<br>divine et l’éclat de tout ce qui touche à Dieu. C’est la couleur de la résurrection, de la Transfiguration, de la Lumière.</p>



<p></p>
</div><figure class="wp-block-media-text__media"><img fetchpriority="high" decoding="async" width="583" height="1024" data-attachment-id="11581" data-permalink="https://paroisse-notredame-sannedolon.fr/dsc05700/" data-orig-file="https://paroisse-notredame-sannedolon.fr/mypress/wp-content/uploads/2026/04/DSC05700-scaled-e1776598179319.jpg" data-orig-size="683,1200" data-comments-opened="1" data-image-meta="{&quot;aperture&quot;:&quot;3.2&quot;,&quot;credit&quot;:&quot;&quot;,&quot;camera&quot;:&quot;DSC-HX400V&quot;,&quot;caption&quot;:&quot;&quot;,&quot;created_timestamp&quot;:&quot;1775986257&quot;,&quot;copyright&quot;:&quot;&quot;,&quot;focal_length&quot;:&quot;6.59&quot;,&quot;iso&quot;:&quot;3200&quot;,&quot;shutter_speed&quot;:&quot;0.008&quot;,&quot;title&quot;:&quot;&quot;,&quot;orientation&quot;:&quot;1&quot;}" data-image-title="Ambon" data-image-description="" data-image-caption="&lt;p&gt;Temps liturgique blanc&lt;/p&gt;
" data-large-file="https://paroisse-notredame-sannedolon.fr/mypress/wp-content/uploads/2026/04/DSC05700-scaled-e1776598162467-583x1024.jpg" src="https://paroisse-notredame-sannedolon.fr/mypress/wp-content/uploads/2026/04/DSC05700-scaled-e1776598162467-583x1024.jpg" alt="" class="wp-image-11581 size-full"/></figure></div>



<ul class="wp-block-list">
<li><strong>ANJOU :</strong> Messe <strong>tous les dimanches à 10h</strong>45 à l&rsquo;église. <strong>Exception</strong> des fêtes de semaine <strong>(Semaine Sainte, Ascension, Assomption)</strong> <strong>et St Lazare</strong> (2ème dimanche de septembre).</li>



<li><strong>CARMEL DE SURIEU</strong> : en <strong>semaine</strong> messe<strong> à 11h30,</strong> les<strong> dimanches à 18h00.<br></strong></li>
</ul>



<h2 class="wp-block-heading">Cette Semaine :</h2>



<p class="has-medium-font-size"><br><strong>Samedi 2 Mai </strong>: <strong>Messe à 18h00 à Notre Dame des Cités et </strong>les Roches de Condrieu<strong>.</strong><br><strong>Dimanche 3 Mai : Messe à 9h00 à St Clair du Rhône.</strong><br><strong>Dimanche 3 Mai : Messe<strong> </strong>à 10h45</strong> à Péage de Roussillon et <strong>ANJOU</strong>.<br><strong>Dimanche 3 Mai</strong> : Entrée en Église de 14 nouveaux catéchumènes.<br><strong>Mardi 5 Mai</strong> : <strong>Réunion du M.C.R,</strong> à 14h15 à la salle Notre Dame.<br><strong>Mercredi 6 Mai :</strong> <strong>Messe à 9h00 à ANJOU</strong>, écoute et confession.<br><strong>Mercredi 6 Mai :</strong> <strong>Catéchèse des enfants de primaire</strong> à 10h00.<br><strong>Samedi 9 Mai</strong> :  <strong>Baptêmes</strong> à 10h à <strong>Chambalud </strong>de Harry OCA et de Liana et Manech PACCHIODO.<br><strong>Samedi 9 Mai :</strong> <strong>Funérailles de</strong> Monsieur René REY à 14h30 à Bougé.<br><strong>Dimanche 10 Mai :  Messe à 9h00  à Saint Clair du Rhône</strong>.<br><strong>Dimanche 10 Mai : Messe<strong> </strong>à 10h45</strong> à <strong>ANJOU</strong>.<br></p>



<h3 class="wp-block-heading" style="font-size:23px"><strong>Événements</strong> importants à venir </h3>



<p></p>



<div class="wp-block-media-text is-stacked-on-mobile" style="grid-template-columns:40% auto"><figure class="wp-block-media-text__media"><img decoding="async" width="350" height="304" data-attachment-id="11341" data-permalink="https://paroisse-notredame-sannedolon.fr/index.php/accueil/20231129-paroisse-premierecommunion01b/" data-orig-file="https://paroisse-notredame-sannedolon.fr/mypress/wp-content/uploads/2026/02/20231129-Paroisse-PremiereCommunion01b.png" data-orig-size="350,304" data-comments-opened="1" data-image-meta="{&quot;aperture&quot;:&quot;0&quot;,&quot;credit&quot;:&quot;&quot;,&quot;camera&quot;:&quot;&quot;,&quot;caption&quot;:&quot;&quot;,&quot;created_timestamp&quot;:&quot;0&quot;,&quot;copyright&quot;:&quot;&quot;,&quot;focal_length&quot;:&quot;0&quot;,&quot;iso&quot;:&quot;0&quot;,&quot;shutter_speed&quot;:&quot;0&quot;,&quot;title&quot;:&quot;&quot;,&quot;orientation&quot;:&quot;0&quot;}" data-image-title="20231129-Paroisse-PremiereCommunion01b" data-image-description="" data-image-caption="" data-large-file="https://paroisse-notredame-sannedolon.fr/mypress/wp-content/uploads/2026/02/20231129-Paroisse-PremiereCommunion01b.png" src="https://paroisse-notredame-sannedolon.fr/mypress/wp-content/uploads/2026/02/20231129-Paroisse-PremiereCommunion01b.png" alt="" class="wp-image-11341 size-full" srcset="https://paroisse-notredame-sannedolon.fr/mypress/wp-content/uploads/2026/02/20231129-Paroisse-PremiereCommunion01b.png 350w, https://paroisse-notredame-sannedolon.fr/mypress/wp-content/uploads/2026/02/20231129-Paroisse-PremiereCommunion01b-300x261.png 300w, https://paroisse-notredame-sannedolon.fr/mypress/wp-content/uploads/2026/02/20231129-Paroisse-PremiereCommunion01b-150x130.png 150w, https://paroisse-notredame-sannedolon.fr/mypress/wp-content/uploads/2026/02/20231129-Paroisse-PremiereCommunion01b-173x150.png 173w" sizes="(max-width: 350px) 100vw, 350px" /></figure><div class="wp-block-media-text__content">
<p class="has-medium-font-size"><strong>Dimanche 21 juin : Première communion à 10h45 à Anjou .</strong><br>Le 20 juin les futurs communiants suivront une retraite au Carmel de Surieu de 9 h30 à 16h30.</p>
</div></div>



<h3 class="wp-block-heading">Contacter la Paroisse Notre Dame des Sources en Sanne-Dolon :&nbsp;</h3>



<p><strong>Maison paroissiale d’Anjou</strong><br>17 route du Dauphiné , <strong>04 74 84 06 54<br></strong>Mail : notredamedessources(arobase)orange.fr<strong><br>Permanences : le mercredi (de 9h à 11h) et le samedi (de 10h à 11h30)</strong></p>



<h3 class="wp-block-heading">Sites Amis/Liens Utiles</h3>



<p class="has-black-color has-text-color has-link-color wp-elements-7f9fc4166ad99c67dffb8cc063509628"><strong><a href="https://www.pspepr.fr/" target="_blank" rel="noreferrer noopener">www.pspepr.fr</a></strong><br><strong><a href="https://www.diocese-grenoble-vienne.fr/" target="_blank" rel="noreferrer noopener">www.diocese-grenoble-vienne.fr</a></strong><br><strong><a href="https://www.carmel-nd-surieu.fr/" target="_blank" rel="noreferrer noopener">www.carmel-nd-surieu.fr</a></strong></p>



<p></p>

<p>Le blanc ou doré : dit les jours de fête. C&rsquo;est la couleur liturgique des ornements utilisés au temps de Noël, autemps pascal, et à toutes les fêtes et solennités (Toussaint…). Le blanc évoque la pureté, mais plus encore la Gloiredivine et l’éclat de tout ce qui touche à Dieu. … <a class="continue-reading-link" href="https://paroisse-notredame-sannedolon.fr/">Lire la suite <span class="meta-nav">&rarr; </span></a></p>
