{"id":378,"date":"2016-06-15T20:21:00","date_gmt":"2016-06-15T19:21:00","guid":{"rendered":"http:\/\/paroisse-notredame-sannedolon.fr\/?page_id=378"},"modified":"2026-01-25T16:00:35","modified_gmt":"2026-01-25T15:00:35","slug":"responsables","status":"publish","type":"page","link":"https:\/\/paroisse-notredame-sannedolon.fr\/index.php\/contact\/responsables\/","title":{"rendered":"Responsables"},"content":{"rendered":"\n<h3 class=\"wp-block-heading\"><strong>Pr\u00eatres  : <\/strong><\/h3>\n\n\n\n<div class=\"wp-block-media-text alignwide is-stacked-on-mobile\" style=\"grid-template-columns:20% auto\"><figure class=\"wp-block-media-text__media\"><img fetchpriority=\"high\" decoding=\"async\" width=\"817\" height=\"1024\" data-attachment-id=\"9184\" data-permalink=\"https:\/\/paroisse-notredame-sannedolon.fr\/pere-armand\/\" data-orig-file=\"https:\/\/paroisse-notredame-sannedolon.fr\/mypress\/wp-content\/uploads\/2024\/09\/Pere-Armand-e1725970255599.jpg\" data-orig-size=\"718,900\" data-comments-opened=\"1\" data-image-meta=\"{&quot;aperture&quot;:&quot;5&quot;,&quot;credit&quot;:&quot;&quot;,&quot;camera&quot;:&quot;DSC-HX400V&quot;,&quot;caption&quot;:&quot;&quot;,&quot;created_timestamp&quot;:&quot;1725184278&quot;,&quot;copyright&quot;:&quot;&quot;,&quot;focal_length&quot;:&quot;57.99&quot;,&quot;iso&quot;:&quot;800&quot;,&quot;shutter_speed&quot;:&quot;0.076923076923077&quot;,&quot;title&quot;:&quot;&quot;,&quot;orientation&quot;:&quot;0&quot;}\" data-image-title=\"P\u00e8re Armand\" data-image-description=\"\" data-image-caption=\"\" data-large-file=\"https:\/\/paroisse-notredame-sannedolon.fr\/mypress\/wp-content\/uploads\/2024\/09\/Pere-Armand-817x1024.jpg\" src=\"https:\/\/paroisse-notredame-sannedolon.fr\/mypress\/wp-content\/uploads\/2024\/09\/Pere-Armand-817x1024.jpg\" alt=\"\" class=\"wp-image-9184 size-full\"\/><\/figure><div class=\"wp-block-media-text__content\">\n<p class=\"has-medium-font-size\"><br><br><strong>P\u00e8re Armand Moudilou<\/strong><br><strong>Cur\u00e9 de la paroisse<\/strong><\/p>\n\n\n\n<p class=\"has-normal-font-size\"><br>Rue Jean MOULIN<br>38150 ROUSSILLON<br>Tel : 04 74 86 29 57<br>E-mail : armandmoudilou77@gmail.com<br><\/p>\n\n\n\n<p><\/p>\n<\/div><\/div>\n\n\n\n<div class=\"wp-block-media-text alignwide is-stacked-on-mobile\" style=\"grid-template-columns:17% auto\"><figure class=\"wp-block-media-text__media\"><img decoding=\"async\" width=\"577\" height=\"1024\" data-attachment-id=\"7837\" data-permalink=\"https:\/\/paroisse-notredame-sannedolon.fr\/dsc03613\/\" data-orig-file=\"https:\/\/paroisse-notredame-sannedolon.fr\/mypress\/wp-content\/uploads\/2023\/03\/DSC03613-scaled-e1678110325783.jpg\" data-orig-size=\"676,1200\" data-comments-opened=\"1\" data-image-meta=\"{&quot;aperture&quot;:&quot;5.6&quot;,&quot;credit&quot;:&quot;&quot;,&quot;camera&quot;:&quot;DSC-HX400V&quot;,&quot;caption&quot;:&quot;&quot;,&quot;created_timestamp&quot;:&quot;1678029450&quot;,&quot;copyright&quot;:&quot;&quot;,&quot;focal_length&quot;:&quot;101.01&quot;,&quot;iso&quot;:&quot;2500&quot;,&quot;shutter_speed&quot;:&quot;0.025&quot;,&quot;title&quot;:&quot;&quot;,&quot;orientation&quot;:&quot;1&quot;}\" data-image-title=\"P\u00e8re Aim\u00e9\" data-image-description=\"\" data-image-caption=\"\" data-large-file=\"https:\/\/paroisse-notredame-sannedolon.fr\/mypress\/wp-content\/uploads\/2023\/03\/DSC03613-577x1024.jpg\" src=\"https:\/\/paroisse-notredame-sannedolon.fr\/mypress\/wp-content\/uploads\/2023\/03\/DSC03613-577x1024.jpg\" alt=\"\" class=\"wp-image-7837 size-full\"\/><\/figure><div class=\"wp-block-media-text__content\">\n<h4 class=\"wp-block-heading\" id=\"block-4b9d74b1-798f-410a-a4da-df30f16288d7\">P\u00e8re Aim\u00e9 Fulbert MALELA<br>Pr\u00eatre accompagnateur<\/h4>\n\n\n\n<p>Rue Jean MOULIN<br>38150 ROUSSILLON<br>(33) 06 13 49 70 90<\/p>\n\n\n\n<p class=\"has-vivid-cyan-blue-color has-text-color\"><br>Email : aimeyalela@gmail.com<\/p>\n<\/div><\/div>\n\n\n\n<div class=\"wp-block-media-text alignwide is-stacked-on-mobile\" style=\"grid-template-columns:17% auto\"><figure class=\"wp-block-media-text__media\"><img decoding=\"async\" width=\"577\" height=\"1024\" data-attachment-id=\"7835\" data-permalink=\"https:\/\/paroisse-notredame-sannedolon.fr\/dsc03619\/\" data-orig-file=\"https:\/\/paroisse-notredame-sannedolon.fr\/mypress\/wp-content\/uploads\/2023\/03\/DSC03619-scaled-e1678110285989.jpg\" data-orig-size=\"676,1200\" data-comments-opened=\"1\" data-image-meta=\"{&quot;aperture&quot;:&quot;6.3&quot;,&quot;credit&quot;:&quot;&quot;,&quot;camera&quot;:&quot;DSC-HX400V&quot;,&quot;caption&quot;:&quot;&quot;,&quot;created_timestamp&quot;:&quot;1678029596&quot;,&quot;copyright&quot;:&quot;&quot;,&quot;focal_length&quot;:&quot;215&quot;,&quot;iso&quot;:&quot;2500&quot;,&quot;shutter_speed&quot;:&quot;0.025&quot;,&quot;title&quot;:&quot;&quot;,&quot;orientation&quot;:&quot;1&quot;}\" data-image-title=\"DSC03619\" data-image-description=\"\" data-image-caption=\"\" data-large-file=\"https:\/\/paroisse-notredame-sannedolon.fr\/mypress\/wp-content\/uploads\/2023\/03\/DSC03619-577x1024.jpg\" src=\"https:\/\/paroisse-notredame-sannedolon.fr\/mypress\/wp-content\/uploads\/2023\/03\/DSC03619-577x1024.jpg\" alt=\"\" class=\"wp-image-7835 size-full\"\/><\/figure><div class=\"wp-block-media-text__content\">\n<h4 class=\"wp-block-heading\" id=\"block-93a524b7-a02f-4a84-9efc-84f3dd5e2ba3\">P\u00e8re Paul KONKOBO<br>Pr\u00eatre accompagnateur<\/h4>\n\n\n\n<p>Rue Jean MOULIN<br>38150 ROUSSILLON<br>(33) 07 51 23 90 56<br><a href=\"mailto:Email : paulkonkobo@yahoo.fr\">Email : paulkonkobo@yahoo.fr<\/a><\/p>\n<\/div><\/div>\n\n\n\n<h3 class=\"wp-block-heading\">Diacres : <\/h3>\n\n\n\n<div class=\"wp-block-media-text alignwide is-stacked-on-mobile\" style=\"grid-template-columns:17% auto\"><figure class=\"wp-block-media-text__media\"><img loading=\"lazy\" decoding=\"async\" width=\"300\" height=\"300\" data-attachment-id=\"7789\" data-permalink=\"https:\/\/paroisse-notredame-sannedolon.fr\/thierry-merle-300x300\/\" data-orig-file=\"https:\/\/paroisse-notredame-sannedolon.fr\/mypress\/wp-content\/uploads\/2023\/02\/thierry-merle-300x300-1.jpg\" data-orig-size=\"300,300\" data-comments-opened=\"1\" data-image-meta=\"{&quot;aperture&quot;:&quot;0&quot;,&quot;credit&quot;:&quot;&quot;,&quot;camera&quot;:&quot;&quot;,&quot;caption&quot;:&quot;&quot;,&quot;created_timestamp&quot;:&quot;0&quot;,&quot;copyright&quot;:&quot;&quot;,&quot;focal_length&quot;:&quot;0&quot;,&quot;iso&quot;:&quot;0&quot;,&quot;shutter_speed&quot;:&quot;0&quot;,&quot;title&quot;:&quot;&quot;,&quot;orientation&quot;:&quot;0&quot;}\" data-image-title=\"thierry-merle-300&#215;300\" data-image-description=\"\" data-image-caption=\"\" data-large-file=\"https:\/\/paroisse-notredame-sannedolon.fr\/mypress\/wp-content\/uploads\/2023\/02\/thierry-merle-300x300-1.jpg\" src=\"https:\/\/paroisse-notredame-sannedolon.fr\/mypress\/wp-content\/uploads\/2023\/02\/thierry-merle-300x300-1.jpg\" alt=\"\" class=\"wp-image-7789 size-full\" srcset=\"https:\/\/paroisse-notredame-sannedolon.fr\/mypress\/wp-content\/uploads\/2023\/02\/thierry-merle-300x300-1.jpg 300w, https:\/\/paroisse-notredame-sannedolon.fr\/mypress\/wp-content\/uploads\/2023\/02\/thierry-merle-300x300-1-150x150.jpg 150w\" sizes=\"(max-width: 300px) 100vw, 300px\" \/><\/figure><div class=\"wp-block-media-text__content\">\n<h4 class=\"wp-block-heading\">Thierry Merle<br>Diacre<\/h4>\n\n\n\n<p>23,chemin de la Roche<br>38150 ANJOU<br>(33) 06 71 19 04 69<br><a href=\"mailto:Email : th38merle@gmail.com\">Email : th38merle@gmail.com<\/a><\/p>\n<\/div><\/div>\n\n\n<h4>\u00c9quipe Paroissiale :<\/h4>\n<p>Blandine Duc<br \/>Anne-Laure Laporte<br \/>Pierre Damien Mestrallet<br \/>Gilles O&rsquo;Connolly<br \/>Beno\u00eet Perrenot<br \/>Sophie Varaldi<\/p>\n<h4>Conseil aux affaires \u00e9conomiques\u00a0:<\/h4>\n<p>\u00e9conome paroissial<\/p>\n<h4>Secr\u00e9taire Paroissiale\u00a0:<\/h4>\n\n\n<p><\/p>\n","protected":false},"excerpt":{"rendered":"<p>Pr\u00eatres : P\u00e8re Armand MoudilouCur\u00e9 de la paroisse Rue Jean MOULIN38150 ROUSSILLONTel : 04 74 86 29 57E-mail : armandmoudilou77@gmail.com P\u00e8re Aim\u00e9 Fulbert MALELAPr\u00eatre accompagnateur Rue Jean MOULIN38150 ROUSSILLON(33) 06 13 49 70 90 Email : aimeyalela@gmail.com P\u00e8re Paul KONKOBOPr\u00eatre accompagnateur Rue Jean MOULIN38150 ROUSSILLON(33) 07 51 23 90 56Email \u2026 <a class=\"continue-reading-link\" href=\"https:\/\/paroisse-notredame-sannedolon.fr\/index.php\/contact\/responsables\/\">Lire la suite <span class=\"meta-nav\">&rarr; <\/span><\/a><\/p>\n","protected":false},"author":1,"featured_media":0,"parent":221,"menu_order":0,"comment_status":"closed","ping_status":"closed","template":"","meta":{"jetpack_post_was_ever_published":false,"footnotes":""},"class_list":["post-378","page","type-page","status-publish","hentry"],"jetpack_sharing_enabled":true,"jetpack_shortlink":"https:\/\/wp.me\/P7rrt2-66","_links":{"self":[{"href":"https:\/\/paroisse-notredame-sannedolon.fr\/index.php\/wp-json\/wp\/v2\/pages\/378","targetHints":{"allow":["GET"]}}],"collection":[{"href":"https:\/\/paroisse-notredame-sannedolon.fr\/index.php\/wp-json\/wp\/v2\/pages"}],"about":[{"href":"https:\/\/paroisse-notredame-sannedolon.fr\/index.php\/wp-json\/wp\/v2\/types\/page"}],"author":[{"embeddable":true,"href":"https:\/\/paroisse-notredame-sannedolon.fr\/index.php\/wp-json\/wp\/v2\/users\/1"}],"replies":[{"embeddable":true,"href":"https:\/\/paroisse-notredame-sannedolon.fr\/index.php\/wp-json\/wp\/v2\/comments?post=378"}],"version-history":[{"count":42,"href":"https:\/\/paroisse-notredame-sannedolon.fr\/index.php\/wp-json\/wp\/v2\/pages\/378\/revisions"}],"predecessor-version":[{"id":11291,"href":"https:\/\/paroisse-notredame-sannedolon.fr\/index.php\/wp-json\/wp\/v2\/pages\/378\/revisions\/11291"}],"up":[{"embeddable":true,"href":"https:\/\/paroisse-notredame-sannedolon.fr\/index.php\/wp-json\/wp\/v2\/pages\/221"}],"wp:attachment":[{"href":"https:\/\/paroisse-notredame-sannedolon.fr\/index.php\/wp-json\/wp\/v2\/media?parent=378"}],"curies":[{"name":"wp","href":"https:\/\/api.w.org\/{rel}","templated":true}]}}