{"id":254,"date":"2016-06-05T20:50:56","date_gmt":"2016-06-05T19:50:56","guid":{"rendered":"http:\/\/paroisse-notredame-sannedolon.fr\/?page_id=254"},"modified":"2025-11-22T22:54:56","modified_gmt":"2025-11-22T21:54:56","slug":"saint-romain-de-surieu","status":"publish","type":"page","link":"https:\/\/paroisse-notredame-sannedolon.fr\/index.php\/nos-clochers\/saint-romain-de-surieu\/","title":{"rendered":"Saint Romain de Surieu"},"content":{"rendered":"<p><img fetchpriority=\"high\" decoding=\"async\" data-attachment-id=\"503\" data-permalink=\"https:\/\/paroisse-notredame-sannedolon.fr\/index.php\/nos-clochers\/saint-romain-de-surieu\/restauration-1967-eglise-st-romain\/\" data-orig-file=\"https:\/\/paroisse-notredame-sannedolon.fr\/mypress\/wp-content\/uploads\/2016\/06\/Restauration-1967-e\u0301glise-St-Romain.jpg\" data-orig-size=\"1154,768\" data-comments-opened=\"1\" data-image-meta=\"{&quot;aperture&quot;:&quot;0&quot;,&quot;credit&quot;:&quot;Picasa&quot;,&quot;camera&quot;:&quot;HP pstc4400&quot;,&quot;caption&quot;:&quot;&quot;,&quot;created_timestamp&quot;:&quot;0&quot;,&quot;copyright&quot;:&quot;&quot;,&quot;focal_length&quot;:&quot;0&quot;,&quot;iso&quot;:&quot;0&quot;,&quot;shutter_speed&quot;:&quot;0&quot;,&quot;title&quot;:&quot;&quot;,&quot;orientation&quot;:&quot;0&quot;}\" data-image-title=\"Restauration 1967 e\u0301glise St Romain\" data-image-description=\"\" data-image-caption=\"\" data-large-file=\"https:\/\/paroisse-notredame-sannedolon.fr\/mypress\/wp-content\/uploads\/2016\/06\/Restauration-1967-e\u0301glise-St-Romain-1024x681.jpg\" class=\"wp-image-503 aligncenter\" src=\"http:\/\/paroisse-notredame-sannedolon.fr\/wp-content\/uploads\/2016\/06\/Restauration-1967-e\u0301glise-St-Romain.jpg\" alt=\"Restauration 1967 e\u0301glise St Romain\" width=\"552\" height=\"367\" srcset=\"https:\/\/paroisse-notredame-sannedolon.fr\/mypress\/wp-content\/uploads\/2016\/06\/Restauration-1967-e\u0301glise-St-Romain.jpg 1154w, https:\/\/paroisse-notredame-sannedolon.fr\/mypress\/wp-content\/uploads\/2016\/06\/Restauration-1967-e\u0301glise-St-Romain-300x200.jpg 300w, https:\/\/paroisse-notredame-sannedolon.fr\/mypress\/wp-content\/uploads\/2016\/06\/Restauration-1967-e\u0301glise-St-Romain-1024x681.jpg 1024w, https:\/\/paroisse-notredame-sannedolon.fr\/mypress\/wp-content\/uploads\/2016\/06\/Restauration-1967-e\u0301glise-St-Romain-600x399.jpg 600w, https:\/\/paroisse-notredame-sannedolon.fr\/mypress\/wp-content\/uploads\/2016\/06\/Restauration-1967-e\u0301glise-St-Romain-150x100.jpg 150w\" sizes=\"(max-width: 552px) 100vw, 552px\" \/><\/p>\n\n\n<div class=\"wp-block-media-text is-stacked-on-mobile\"><figure class=\"wp-block-media-text__media\"><img decoding=\"async\" width=\"375\" height=\"500\" data-attachment-id=\"255\" data-permalink=\"https:\/\/paroisse-notredame-sannedolon.fr\/index.php\/nos-clochers\/saint-romain-de-surieu\/eglise-saint-romain-de-surieu-2\/\" data-orig-file=\"https:\/\/paroisse-notredame-sannedolon.fr\/mypress\/wp-content\/uploads\/2016\/06\/\u00e9glise-Saint-Romain-de-Surieu-2.jpg\" data-orig-size=\"375,500\" data-comments-opened=\"1\" data-image-meta=\"{&quot;aperture&quot;:&quot;5.6&quot;,&quot;credit&quot;:&quot;&quot;,&quot;camera&quot;:&quot;DSC-P100&quot;,&quot;caption&quot;:&quot;&quot;,&quot;created_timestamp&quot;:&quot;1192363827&quot;,&quot;copyright&quot;:&quot;&quot;,&quot;focal_length&quot;:&quot;9.2&quot;,&quot;iso&quot;:&quot;100&quot;,&quot;shutter_speed&quot;:&quot;0.005&quot;,&quot;title&quot;:&quot;&quot;,&quot;orientation&quot;:&quot;1&quot;}\" data-image-title=\"\u00e9glise Saint Romain de Surieu 2\" data-image-description=\"\" data-image-caption=\"&lt;p&gt;Cecei est une l\u00e9gende&lt;\/p&gt;\n\" data-large-file=\"https:\/\/paroisse-notredame-sannedolon.fr\/mypress\/wp-content\/uploads\/2016\/06\/\u00e9glise-Saint-Romain-de-Surieu-2.jpg\" src=\"https:\/\/paroisse-notredame-sannedolon.fr\/mypress\/wp-content\/uploads\/2016\/06\/\u00e9glise-Saint-Romain-de-Surieu-2.jpg\" alt=\"\" class=\"wp-image-255 size-full\" srcset=\"https:\/\/paroisse-notredame-sannedolon.fr\/mypress\/wp-content\/uploads\/2016\/06\/\u00e9glise-Saint-Romain-de-Surieu-2.jpg 375w, https:\/\/paroisse-notredame-sannedolon.fr\/mypress\/wp-content\/uploads\/2016\/06\/\u00e9glise-Saint-Romain-de-Surieu-2-225x300.jpg 225w, https:\/\/paroisse-notredame-sannedolon.fr\/mypress\/wp-content\/uploads\/2016\/06\/\u00e9glise-Saint-Romain-de-Surieu-2-113x150.jpg 113w\" sizes=\"(max-width: 375px) 100vw, 375px\" \/><\/figure><div class=\"wp-block-media-text__content\">\n<p class=\"has-medium-font-size\"><br><strong>\u00c9glise Saint Romain<\/strong><br>Dans les premi\u00e8res ann\u00e9es du XI\u00e8me si\u00e8cle, les moines de Saint Pierre de vienne ont fond\u00e9 un prieur\u00e9 en ces lieux et reb\u00e2tirent l\u2019\u00e9glise d\u00e9truite par un incendie.<\/p>\n\n\n\n<p class=\"has-medium-font-size\">Du prieur\u00e9 lui-m\u00eame, tout a disparu, l\u2019\u00e9glise se trouve donc maintenant solitaire, entour\u00e9e du cimeti\u00e8re de la commune de Saint Romain de Surieu.<br><\/p>\n<\/div><\/div>\n\n\n\n<p class=\"has-medium-font-size\">Petite, comme le sont d\u2019ordinaire les anciennes paroisses \u00e0 la population clairsem\u00e9e, toute simple \u00e0 cause de la modicit\u00e9 de ses revenus, elle a n\u00e9anmoins le charme des vieilles demeures et nous propose une image fid\u00e8le d\u2019un lointain pass\u00e9.<br>B\u00e2tie en moellons irr\u00e9guliers, elle comprend une nef, un ch\u0153ur sous le clocher et une abside vo\u00fbt\u00e9e \u00e0 fond plat qui a remplac\u00e9 vers le XV\u00e8me si\u00e8cle celle d\u2019origine.<br>La fen\u00eatre d\u2019axe en lancette date de cette reconstruction et distribue une g\u00e9n\u00e9reuse lumi\u00e8re au soleil levant.<br>L\u2019abside orient\u00e9e \u00e0 l\u2019est est domin\u00e9e par la tour rectangulaire du clocher formant trav\u00e9e de ch\u0153ur \u00e9paul\u00e9e de deux contreforts.<br>La fa\u00e7ade regarde le cimeti\u00e8re, sa porte est surmont\u00e9e d\u2019un tympan en ma\u00e7onnerie d\u00e9limit\u00e9 par un arc (de d\u00e9charge). Au-dessus, s\u2019ouvre une \u00e9troite fen\u00eatre d\u00e9sax\u00e9e, signe d\u2019une r\u00e9alisation plus tardive.<br>La nef est couverte d\u2019un lambris de bois formant vo\u00fbte. Elle est \u00e9clair\u00e9e au nord et au sud par deux baies en arc bris\u00e9, r\u00e9alis\u00e9es au cours d\u2019une restauration. Par contre, sur ces m\u00eames murs nord et sud, les deux petites ouvertures r\u00e9alis\u00e9es dans un bloc de molasse d\u2019un seul tenant attestent de l\u2019anciennet\u00e9 de la construction d\u2019origine \u00e0 une \u00e9poque o\u00f9 les ouvertures \u00e9taient tr\u00e8s limit\u00e9es.<br>A l\u2019entr\u00e9e du ch\u0153ur, exhauss\u00e9 d\u2019une marche, deux colonnes soutiennent le grand arc, au sommet d\u2019un tr\u00e8fle ajour\u00e9. Leur base est dissemblable&nbsp;: \u00e0 droite, c\u2019est la base classique avec deux tores s\u00e9par\u00e9s par une scotie et reli\u00e9s au socle par des griffes&nbsp;; \u00e0 gauche, le tore int\u00e9rieur s\u2019est amplifi\u00e9 et d\u00e9crit une large courbe.<\/p>\n\n\n\n<div class=\"wp-block-media-text has-media-on-the-right is-stacked-on-mobile\"><div class=\"wp-block-media-text__content\">\n<p class=\"has-medium-font-size\"><strong>Le site de la Saint Lazare&nbsp; :<\/strong><br>Vous ne connaissez pas une belle ballade dans le vallon de Surieu.<br>Laissez votre voiture vers le stade P\u00e8re Andr\u00e9, prenez la route entre le centre social et le stade&#8230;.Grimper, par la route&#8230;..Suivez le sentier bien am\u00e9nag\u00e9, les marches d&rsquo;escalier vous am\u00e8nent \u00e0 la source de St Lazare dans son \u00e9crin de verdure. Contez le sentier et vous d\u00e9bouchez sur une plate forme am\u00e9nag\u00e9e&#8230;<\/p>\n<\/div><figure class=\"wp-block-media-text__media\"><img decoding=\"async\" width=\"1920\" height=\"2560\" data-attachment-id=\"10487\" data-permalink=\"https:\/\/paroisse-notredame-sannedolon.fr\/img_8148-11\/\" data-orig-file=\"https:\/\/paroisse-notredame-sannedolon.fr\/mypress\/wp-content\/uploads\/2025\/09\/IMG_8148-11-scaled.jpeg\" data-orig-size=\"1920,2560\" data-comments-opened=\"1\" data-image-meta=\"{&quot;aperture&quot;:&quot;0&quot;,&quot;credit&quot;:&quot;&quot;,&quot;camera&quot;:&quot;&quot;,&quot;caption&quot;:&quot;&quot;,&quot;created_timestamp&quot;:&quot;0&quot;,&quot;copyright&quot;:&quot;&quot;,&quot;focal_length&quot;:&quot;0&quot;,&quot;iso&quot;:&quot;0&quot;,&quot;shutter_speed&quot;:&quot;0&quot;,&quot;title&quot;:&quot;&quot;,&quot;orientation&quot;:&quot;1&quot;}\" data-image-title=\"source St LAzare\" data-image-description=\"\" data-image-caption=\"\" data-large-file=\"https:\/\/paroisse-notredame-sannedolon.fr\/mypress\/wp-content\/uploads\/2025\/09\/IMG_8148-11-scaled.jpeg\" src=\"https:\/\/paroisse-notredame-sannedolon.fr\/mypress\/wp-content\/uploads\/2025\/09\/IMG_8148-11-scaled.jpeg\" alt=\"\" class=\"wp-image-10487 size-full\" srcset=\"https:\/\/paroisse-notredame-sannedolon.fr\/mypress\/wp-content\/uploads\/2025\/09\/IMG_8148-11-scaled.jpeg 1920w, https:\/\/paroisse-notredame-sannedolon.fr\/mypress\/wp-content\/uploads\/2025\/09\/IMG_8148-11-225x300.jpeg 225w\" sizes=\"(max-width: 1920px) 100vw, 1920px\" \/><\/figure><\/div>\n\n\n\n<div class=\"wp-block-media-text is-stacked-on-mobile\"><figure class=\"wp-block-media-text__media\"><img loading=\"lazy\" decoding=\"async\" width=\"1024\" height=\"768\" data-attachment-id=\"3567\" data-permalink=\"https:\/\/paroisse-notredame-sannedolon.fr\/dsc00990\/\" data-orig-file=\"https:\/\/paroisse-notredame-sannedolon.fr\/mypress\/wp-content\/uploads\/2018\/09\/DSC00990-e1537387453585.jpg\" data-orig-size=\"1200,900\" data-comments-opened=\"1\" data-image-meta=\"{&quot;aperture&quot;:&quot;3.2&quot;,&quot;credit&quot;:&quot;&quot;,&quot;camera&quot;:&quot;DSC-HX400V&quot;,&quot;caption&quot;:&quot;&quot;,&quot;created_timestamp&quot;:&quot;1537379666&quot;,&quot;copyright&quot;:&quot;&quot;,&quot;focal_length&quot;:&quot;6.76&quot;,&quot;iso&quot;:&quot;250&quot;,&quot;shutter_speed&quot;:&quot;0.025&quot;,&quot;title&quot;:&quot;&quot;,&quot;orientation&quot;:&quot;1&quot;}\" data-image-title=\"DSC00990\" data-image-description=\"\" data-image-caption=\"\" data-large-file=\"https:\/\/paroisse-notredame-sannedolon.fr\/mypress\/wp-content\/uploads\/2018\/09\/DSC00990-1024x768.jpg\" src=\"https:\/\/paroisse-notredame-sannedolon.fr\/mypress\/wp-content\/uploads\/2018\/09\/DSC00990-1024x768.jpg\" alt=\"\" class=\"wp-image-3567 size-full\"\/><\/figure><div class=\"wp-block-media-text__content\">\n<p class=\"has-medium-font-size\">La st\u00e8le du P\u00e8re Andr\u00e9&nbsp; (cur\u00e9 de nos clochers pendant plus de quarante ans).<\/p>\n<\/div><\/div>\n\n\n\n<p class=\"has-medium-font-size\"><br>Ce site est situ\u00e9 sur le chemin de Compostelle.<br>A droite la route du Tognard \u00e0 partir de laquelle vous pouvez admirer les villages, la campagnes environnante et la chaine du massif central.<\/p>\n\n\n\n<div class=\"wp-block-media-text has-media-on-the-right is-stacked-on-mobile\"><div class=\"wp-block-media-text__content\">\n<p class=\"has-medium-font-size\">Si le c\u0153ur vous en dit, continuez un peu plus haut&#8230;.Vous d\u00e9couvrirez \u00e0 gauche le Carmel et la Tour de Surieu. <\/p>\n<\/div><figure class=\"wp-block-media-text__media\"><img loading=\"lazy\" decoding=\"async\" width=\"1024\" height=\"680\" data-attachment-id=\"6632\" data-permalink=\"https:\/\/paroisse-notredame-sannedolon.fr\/surieu-carmel-fiche-1_resize\/\" data-orig-file=\"https:\/\/paroisse-notredame-sannedolon.fr\/mypress\/wp-content\/uploads\/2021\/09\/surieu-carmel-fiche-1_resize.jpg\" data-orig-size=\"1100,730\" data-comments-opened=\"1\" data-image-meta=\"{&quot;aperture&quot;:&quot;4.5&quot;,&quot;credit&quot;:&quot;&quot;,&quot;camera&quot;:&quot;NIKON D800&quot;,&quot;caption&quot;:&quot;&quot;,&quot;created_timestamp&quot;:&quot;1397573941&quot;,&quot;copyright&quot;:&quot;&quot;,&quot;focal_length&quot;:&quot;80&quot;,&quot;iso&quot;:&quot;280&quot;,&quot;shutter_speed&quot;:&quot;0.0005&quot;,&quot;title&quot;:&quot;&quot;,&quot;orientation&quot;:&quot;1&quot;}\" data-image-title=\"surieu-carmel-fiche-1_resize\" data-image-description=\"\" data-image-caption=\"\" data-large-file=\"https:\/\/paroisse-notredame-sannedolon.fr\/mypress\/wp-content\/uploads\/2021\/09\/surieu-carmel-fiche-1_resize-1024x680.jpg\" src=\"https:\/\/paroisse-notredame-sannedolon.fr\/mypress\/wp-content\/uploads\/2021\/09\/surieu-carmel-fiche-1_resize-1024x680.jpg\" alt=\"\" class=\"wp-image-6632 size-full\" srcset=\"https:\/\/paroisse-notredame-sannedolon.fr\/mypress\/wp-content\/uploads\/2021\/09\/surieu-carmel-fiche-1_resize-1024x680.jpg 1024w, https:\/\/paroisse-notredame-sannedolon.fr\/mypress\/wp-content\/uploads\/2021\/09\/surieu-carmel-fiche-1_resize-300x199.jpg 300w, https:\/\/paroisse-notredame-sannedolon.fr\/mypress\/wp-content\/uploads\/2021\/09\/surieu-carmel-fiche-1_resize-600x398.jpg 600w, https:\/\/paroisse-notredame-sannedolon.fr\/mypress\/wp-content\/uploads\/2021\/09\/surieu-carmel-fiche-1_resize-150x100.jpg 150w, https:\/\/paroisse-notredame-sannedolon.fr\/mypress\/wp-content\/uploads\/2021\/09\/surieu-carmel-fiche-1_resize.jpg 1100w\" sizes=\"(max-width: 1024px) 100vw, 1024px\" \/><\/figure><\/div>\n\n\n\n<p class=\"has-medium-font-size\"><br>Ce site est aussi accessible en voiture.<\/p>\n\n\n\n<p><\/p>\n","protected":false},"excerpt":{"rendered":"<p>\u00c9glise Saint RomainDans les premi\u00e8res ann\u00e9es du XI\u00e8me si\u00e8cle, les moines de Saint Pierre de vienne ont fond\u00e9 un prieur\u00e9 en ces lieux et reb\u00e2tirent l\u2019\u00e9glise d\u00e9truite par un incendie. Du prieur\u00e9 lui-m\u00eame, tout a disparu, l\u2019\u00e9glise se trouve donc maintenant solitaire, entour\u00e9e du cimeti\u00e8re de la commune de Saint \u2026 <a class=\"continue-reading-link\" href=\"https:\/\/paroisse-notredame-sannedolon.fr\/index.php\/nos-clochers\/saint-romain-de-surieu\/\">Lire la suite <span class=\"meta-nav\">&rarr; <\/span><\/a><\/p>\n","protected":false},"author":1,"featured_media":0,"parent":27,"menu_order":0,"comment_status":"closed","ping_status":"closed","template":"","meta":{"jetpack_post_was_ever_published":false,"footnotes":""},"class_list":["post-254","page","type-page","status-publish","hentry"],"jetpack_sharing_enabled":true,"jetpack_shortlink":"https:\/\/wp.me\/P7rrt2-46","_links":{"self":[{"href":"https:\/\/paroisse-notredame-sannedolon.fr\/index.php\/wp-json\/wp\/v2\/pages\/254","targetHints":{"allow":["GET"]}}],"collection":[{"href":"https:\/\/paroisse-notredame-sannedolon.fr\/index.php\/wp-json\/wp\/v2\/pages"}],"about":[{"href":"https:\/\/paroisse-notredame-sannedolon.fr\/index.php\/wp-json\/wp\/v2\/types\/page"}],"author":[{"embeddable":true,"href":"https:\/\/paroisse-notredame-sannedolon.fr\/index.php\/wp-json\/wp\/v2\/users\/1"}],"replies":[{"embeddable":true,"href":"https:\/\/paroisse-notredame-sannedolon.fr\/index.php\/wp-json\/wp\/v2\/comments?post=254"}],"version-history":[{"count":21,"href":"https:\/\/paroisse-notredame-sannedolon.fr\/index.php\/wp-json\/wp\/v2\/pages\/254\/revisions"}],"predecessor-version":[{"id":10963,"href":"https:\/\/paroisse-notredame-sannedolon.fr\/index.php\/wp-json\/wp\/v2\/pages\/254\/revisions\/10963"}],"up":[{"embeddable":true,"href":"https:\/\/paroisse-notredame-sannedolon.fr\/index.php\/wp-json\/wp\/v2\/pages\/27"}],"wp:attachment":[{"href":"https:\/\/paroisse-notredame-sannedolon.fr\/index.php\/wp-json\/wp\/v2\/media?parent=254"}],"curies":[{"name":"wp","href":"https:\/\/api.w.org\/{rel}","templated":true}]}}