{"id":177,"date":"2016-04-26T20:46:07","date_gmt":"2016-04-26T19:46:07","guid":{"rendered":"http:\/\/paroisse-notredame-sannedolon.fr\/?page_id=177"},"modified":"2025-09-28T15:13:10","modified_gmt":"2025-09-28T14:13:10","slug":"sante-solidarite","status":"publish","type":"page","link":"https:\/\/paroisse-notredame-sannedolon.fr\/index.php\/autres-activites\/sante-solidarite\/","title":{"rendered":"Sant\u00e9 solidarit\u00e9"},"content":{"rendered":"\n\n\n<p class=\"has-medium-font-size\">\u00a0Le service \u00e9vang\u00e9lique des malades.<br>L\u2019\u00c9glise a toujours eu le souci des personnes en situation de fragilit\u00e9, en particulier des malades. \u00a0Saint Jacques \u00e9crivait \u00ab\u00a0 si l\u2019un d\u2019entre vous est malade qu\u2019il appelle les presbytres de l\u2019\u00c9glise : ils prieront sur lui apr\u00e8s avoir fait une onction d\u2019huile au nom du Seigneur\u00a0\u00bb Jacques 5,14.<br>A la demande de l\u2019\u00c9glise, le SEM (service \u00e9vang\u00e9lique des malades) s&rsquo;est d\u00e9velopp\u00e9 pour rejoindre les personnes \u00e2g\u00e9es ou emp\u00each\u00e9es -pour raison de sant\u00e9 de participer \u00e0 la messe dominicale.<br>Les paroissiens qui sont appel\u00e9s \u00e0 ce service sont envoy\u00e9s en mission par le cur\u00e9, ils sont en mission d\u2019\u00c9glise au nom de la communaut\u00e9 paroissiale. Ils sont pr\u00e9sence d\u2019\u00c9glise. On ne s\u2019envoie pas en mission soi-m\u00eame.<br>Les visiteurs du SEM participent \u00e0 une vie d\u2019\u00e9quipe- lieu d\u2019engagement visible en \u00c9glise- dans laquelle ils partagent ensemble la Parole de Dieu, prient et se forment (\u00e0 l\u2019\u00e9coute, \u00e0 l\u2019accompagnement de la fin de \u00a0vie, \u00e0 la relecture\u2026).<br>Ils sont dans les visites, \u00e0 l\u2019\u00e9coute de la personne qui peut souhaiter seulement une rencontre, un temps fraternel et\/ou \u00a0un temps de pri\u00e8re, la communion, la pr\u00e9paration du sacrement des malades.<br>On attend des visiteurs : la discr\u00e9tion, la confidentialit\u00e9, la r\u00e9gularit\u00e9, la fid\u00e9lit\u00e9.<br>A l\u2019heure, o\u00f9 de plus en plus avec l\u2019allongement de la vie, on reste chez soi\u00a0; o\u00f9 on favorise l\u2019hospitalisation \u00e0 domicile, le SEM est appel\u00e9 \u00e0 se rendre encore plus pr\u00e9sent aupr\u00e8s des personnes fragiles \u00e0 la demande des familles, des communaut\u00e9s paroissiales et des cur\u00e9s.<br>Aum\u00f4nerie\u00a0: EHPAD Notre Dame des Roches\u00a0\u00e0 ANJOU : S\u0153ur Philom\u00e8ne THEOGENE<br>Pr\u00e9sence d\u2019\u00c9glise : R\u00e9sidence Services Champ\u00e9rin \u00e0 VILLE\/ANJOU :<br>Visites \u00e0 domicile et renseignements SEM\u00a0:<br>Les pr\u00eatres de la paroisse<br>\u00catre visiteur du SEM, t\u00e9moin et porteur de la Bonne Nouvelle.<\/p>\n","protected":false},"excerpt":{"rendered":"<p>\u00a0Le service \u00e9vang\u00e9lique des malades.L\u2019\u00c9glise a toujours eu le souci des personnes en situation de fragilit\u00e9, en particulier des malades. \u00a0Saint Jacques \u00e9crivait \u00ab\u00a0 si l\u2019un d\u2019entre vous est malade qu\u2019il appelle les presbytres de l\u2019\u00c9glise : ils prieront sur lui apr\u00e8s avoir fait une onction d\u2019huile au nom du \u2026 <a class=\"continue-reading-link\" href=\"https:\/\/paroisse-notredame-sannedolon.fr\/index.php\/autres-activites\/sante-solidarite\/\">Lire la suite <span class=\"meta-nav\">&rarr; <\/span><\/a><\/p>\n","protected":false},"author":1,"featured_media":0,"parent":118,"menu_order":0,"comment_status":"closed","ping_status":"closed","template":"","meta":{"jetpack_post_was_ever_published":false,"footnotes":""},"class_list":["post-177","page","type-page","status-publish","hentry"],"jetpack_sharing_enabled":true,"jetpack_shortlink":"https:\/\/wp.me\/P7rrt2-2R","_links":{"self":[{"href":"https:\/\/paroisse-notredame-sannedolon.fr\/index.php\/wp-json\/wp\/v2\/pages\/177","targetHints":{"allow":["GET"]}}],"collection":[{"href":"https:\/\/paroisse-notredame-sannedolon.fr\/index.php\/wp-json\/wp\/v2\/pages"}],"about":[{"href":"https:\/\/paroisse-notredame-sannedolon.fr\/index.php\/wp-json\/wp\/v2\/types\/page"}],"author":[{"embeddable":true,"href":"https:\/\/paroisse-notredame-sannedolon.fr\/index.php\/wp-json\/wp\/v2\/users\/1"}],"replies":[{"embeddable":true,"href":"https:\/\/paroisse-notredame-sannedolon.fr\/index.php\/wp-json\/wp\/v2\/comments?post=177"}],"version-history":[{"count":10,"href":"https:\/\/paroisse-notredame-sannedolon.fr\/index.php\/wp-json\/wp\/v2\/pages\/177\/revisions"}],"predecessor-version":[{"id":10541,"href":"https:\/\/paroisse-notredame-sannedolon.fr\/index.php\/wp-json\/wp\/v2\/pages\/177\/revisions\/10541"}],"up":[{"embeddable":true,"href":"https:\/\/paroisse-notredame-sannedolon.fr\/index.php\/wp-json\/wp\/v2\/pages\/118"}],"wp:attachment":[{"href":"https:\/\/paroisse-notredame-sannedolon.fr\/index.php\/wp-json\/wp\/v2\/media?parent=177"}],"curies":[{"name":"wp","href":"https:\/\/api.w.org\/{rel}","templated":true}]}}

Santé solidarité

<p class="has-medium-font-size"> Le service évangélique des malades.<br>L’Église a toujours eu le souci des personnes en situation de fragilité, en particulier des malades.  Saint Jacques écrivait «  si l’un d’entre vous est malade qu’il appelle les presbytres de l’Église : ils prieront sur lui après avoir fait une onction d’huile au nom du Seigneur » Jacques 5,14.<br>A la demande de l’Église, le SEM (service évangélique des malades) s&rsquo;est développé pour rejoindre les personnes âgées ou empêchées -pour raison de santé de participer à la messe dominicale.<br>Les paroissiens qui sont appelés à ce service sont envoyés en mission par le curé, ils sont en mission d’Église au nom de la communauté paroissiale. Ils sont présence d’Église. On ne s’envoie pas en mission soi-même.<br>Les visiteurs du SEM participent à une vie d’équipe- lieu d’engagement visible en Église- dans laquelle ils partagent ensemble la Parole de Dieu, prient et se forment (à l’écoute, à l’accompagnement de la fin de  vie, à la relecture…).<br>Ils sont dans les visites, à l’écoute de la personne qui peut souhaiter seulement une rencontre, un temps fraternel et/ou  un temps de prière, la communion, la préparation du sacrement des malades.<br>On attend des visiteurs : la discrétion, la confidentialité, la régularité, la fidélité.<br>A l’heure, où de plus en plus avec l’allongement de la vie, on reste chez soi ; où on favorise l’hospitalisation à domicile, le SEM est appelé à se rendre encore plus présent auprès des personnes fragiles à la demande des familles, des communautés paroissiales et des curés.<br>Aumônerie : EHPAD Notre Dame des Roches à ANJOU : Sœur Philomène THEOGENE<br>Présence d’Église : Résidence Services Champérin à VILLE/ANJOU :<br>Visites à domicile et renseignements SEM :<br>Les prêtres de la paroisse<br>Être visiteur du SEM, témoin et porteur de la Bonne Nouvelle.</p>

<p> Le service évangélique des malades.L’Église a toujours eu le souci des personnes en situation de fragilité, en particulier des malades.  Saint Jacques écrivait «  si l’un d’entre vous est malade qu’il appelle les presbytres de l’Église : ils prieront sur lui après avoir fait une onction d’huile au nom du … <a class="continue-reading-link" href="https://paroisse-notredame-sannedolon.fr/index.php/autres-activites/sante-solidarite/">Lire la suite <span class="meta-nav">&rarr; </span></a></p>
